 is the thousands digit of b(23)?
8
Suppose -341*a + 10330414 - 1620034 = -31*a. What is the units digit of a?
8
What is the units digit of ((-695751)/294)/((-3)/6)?
3
Suppose 0 = 2*i - 2*d - 54, -4*d - 36 = -2*i + i. Suppose i + 6 = 5*q. Suppose -q*b + 259 = -599. What is the units digit of b?
3
Suppose 0 = 379*v - 202*v - 196*v + 190950. What is the units digit of v?
0
Let s = 20 + -26. Let l = s + 4. Let r(q) = -19*q**3 + 2*q**2 - 1. What is the tens digit of r(l)?
5
Let x = 12 - 6. Suppose -4*l = -3*c + 10, -5*c + 2*l = x*l - 6. Suppose 2*q - 300 = -0*q + 2*f, -c*q + 304 = -f. What is the units digit of q?
4
Let v be 4/(-3)*9/(-4). Suppose -1230 = -4*l + r, -247 = -v*l - 2*r + 681. Let x = 566 - l. What is the units digit of x?
8
Suppose -24404 = -7*d - 3*j, 7*d + j = 10*d - 10452. What is the units digit of d?
5
Let n(z) = -428*z + 340. What is the units digit of n(-5)?
0
Let f(h) = 202*h + 137. Let i be f(29). Suppose i = -23*r + 28*r. What is the tens digit of r?
9
Let l be 4*(3 + -5 + 3). Let x(j) = 3 - 4 + 4*j + j**2 + 6 + l. What is the units digit of x(4)?
1
Let n(i) = i**2 + 33*i - 66. Let l be n(-35). What is the hundreds digit of (-2*208)/l*63/(-36)?
1
Suppose -101*u + 99*u - 71213 = -3*y, -4*y + 3*u + 94951 = 0. What is the thousands digit of y?
3
Let d(g) = -21*g**2 + 2*g**3 + 8 + 4*g**2 - 8*g - 4 + 1. What is the units digit of d(9)?
4
Let u(y) = -175*y - 294. Suppose 4*j + 4*m + 40 = 0, 10*j - 4*m = 15*j + 51. What is the units digit of u(j)?
1
Let g be 126/8*352/12. Suppose -5*k + g - 1452 = -5*b, k = 4*b - 780. Let j = b + -122. What is the units digit of j?
2
Let y be (-4 + 1393)*(-4)/(-12). Suppose 0 = -i + 4*w + y, w = -3 - 0. Let n = -266 + i. What is the units digit of n?
5
Suppose -w + 6*v + 2 = v, -4*w = -3*v - 8. Let r be 543/((-2)/(-4) + w + -1). Suppose 4*n = 6*n - r. What is the units digit of n?
1
Suppose -2*b + 0*y = -2*y - 24, 4 = b + 3*y. What is the units digit of b/35 + (1 - (-1270)/14)?
2
Suppose -3*o + 95 = -g + 252, -2*o = -3*g + 114. Let d = 58 + o. Suppose 509 = -d*t + 2161. What is the hundreds digit of t?
2
Suppose -4*y + 4*n + 4012 = 0, -2*y - 2833*n + 2828*n + 2020 = 0. What is the tens digit of y?
0
Let h = 171 + -163. Suppose h*d - 6*d - 1158 = 0. What is the units digit of d?
9
What is the units digit of (-29188)/(-5) - (-856)/(-535) - (-1)/1?
7
Let a(c) be the second derivative of -145*c**3/6 + 75*c**2/2 + 97*c. What is the hundreds digit of a(-5)?
8
Let v(a) = -a**2 + 8*a + 41. Let p be v(-23). Let w = -555 - p. What is the hundreds digit of w?
1
Suppose 31*f - 10*f + 12054 = 0. What is the tens digit of 1 + 2 + (-4 - f)?
7
Let n = -35 - -14. Let x be (2/2)/(n/(-105)). Suppose 0 = -x*s + 4*c + 465, -3*s - c + 272 = -2*c. What is the tens digit of s?
8
Suppose l - 4*l = -3*i + 18, 2*i + 5*l = -9. Suppose -4*b = t - 3544, -3*b + 2643 = -0*t - i*t. What is the tens digit of b?
8
Suppose -g + 1 - 10 = -h, h = 3*g + 19. Suppose -2*r + 4 = h*b - 6*r, -b + 3*r + 3 = 0. Suppose -2*p + 0*p + 342 = b. What is the hundreds digit of p?
1
Suppose -6*l = -5*l + n - 5, 2*n = -l + 8. Suppose -3*v = -w - 2*w + 114, 205 = 5*w - l*v. What is the tens digit of w?
4
What is the thousands digit of ((2330*-1)/(-5))/(70/8015)?
3
Let q = 1780 - 3717. Let h = 3386 + q. What is the tens digit of h?
4
What is the ten thousands digit of (-846)/(-1410) + (-236287)/(-5)?
4
Suppose -4*p = 4, -y + 4 + 0 = 2*p. Suppose -77 + 23 = -y*o. What is the units digit of 3/o*2 - 2/(-6)?
1
Let c(t) = 82*t + 219. Let m(z) = -124*z - 328. Let k(b) = 7*c(b) + 5*m(b). What is the tens digit of k(-16)?
2
Let f be ((-12)/5)/(2/(-220)). Let k = 109 - 106. Suppose -k*q + 3*h + 159 = -f, 5*h + 15 = 0. What is the hundreds digit of q?
1
Let l be ((-2)/3)/((-8)/60). Let g = -371 + 374. Suppose -g*v - 210 = -l*v. What is the hundreds digit of v?
1
Suppose 2*g - 4366 = -2*h, -5*h + g + 5016 = -5905. Suppose h = -27*u + 39*u. What is the tens digit of u?
8
Let f be -1*(-14)/(-21)*(-81)/6. Let o = 0 + 1. What is the units digit of o + 115 + (f - 12)?
3
Suppose -7*q + 11 = -17. Suppose 4 = q*g, g + 389 = -4*a + 6*g. What is the tens digit of 113/6 + (-16)/a?
1
Let n = 19 + -17. Suppose -326 = -3*o + 6*o + 2*l, -310 = 3*o - n*l. What is the hundreds digit of -2 - (1 + -1) - o?
1
Let k(j) = 1552*j**3 - 2*j**2 - 10*j + 17. What is the units digit of k(2)?
5
Let i(q) = -12. Let r(w) = w - 37. Let c(x) = 7*i(x) - 2*r(x). Let y be c(-7). Suppose 3*l + 138 = 3*b, l = -y*b - 3*l + 192. What is the tens digit of b?
4
Suppose 0 = 66*k - 53*k - 8658. What is the units digit of k?
6
Suppose -93*l = -21*l - 339192. What is the hundreds digit of l?
7
Let t(d) = -d**3 - 6*d + 15. Suppose 0 = 3*u + u + 4, -u = -5*q - 34. What is the hundreds digit of t(q)?
4
Let o = 10717 - 1643. What is the thousands digit of o?
9
Suppose -y = -5*y + 72. Suppose -13*m = -y*m + 20. Suppose 15*a = m*a + 1430. What is the tens digit of a?
3
Let n(k) = 614*k**2 - 30*k - 108. Let l be n(-6). Suppose 22*u - l = 8*u. What is the thousands digit of u?
1
Let r(s) be the second derivative of -5*s + 1/12*s**4 + 0 - s**2 - 7/6*s**3. What is the hundreds digit of r(-8)?
1
Suppose 24*o - 457474 = -234822 + 252812. What is the tens digit of o?
1
Let a be -502 + 30/(-18)*-3. Let b = 728 + a. What is the units digit of b?
1
Suppose -43 = -4*h + 461. Suppose -578 = -2*c - 4*d, 0 = c - 2*d - h - 163. What is the units digit of c?
9
Suppose 2*x - 160 = 5*c, 190 = 5*x + c - 264. Suppose 9*n = 4*n + x. Let k = 55 - n. What is the units digit of k?
7
Let f(c) = -5*c**3 - 7*c**2 - 8*c - 13. Let p be f(-6). Let t = p - 176. What is the hundreds digit of t?
6
Let i(d) = 9*d - 281. Let m be i(34). What is the units digit of 11/(14 - m) - -22*54?
7
Let u be ((-3)/(-9))/(1/6). Suppose 0 = -m + 5*q - 16, -3*m = -m + u*q - 16. What is the tens digit of m/6 + 130/3?
4
Suppose -2*j + 18 = 3*i - 5*j, -i - 2*j - 9 = 0. What is the units digit of i/((-2)/(-1)) + (-1191)/(-2)?
6
Let m(l) = -l**2 - 15*l - 19. Let n be m(-14). Let x(d) = -36*d + 0 + 8*d**2 - 4*d**2 - 1 + 39*d. What is the units digit of x(n)?
4
Let u(k) = 2*k**2 + 13*k - 27. Let f(y) = y**2 + 6*y - 14. Let z(t) = -5*f(t) + 2*u(t). Let r be z(-7). What is the hundreds digit of r*5/((-50)/(-4)) - -110?
1
Let x(u) = 59*u**2 + 498*u + 66. What is the hundreds digit of x(22)?
5
Suppose -2*b = -5*b + 12. Suppose m = 6*m - 2*y + 52, -b*y = 4*m + 36. Let v = 42 - m. What is the units digit of v?
2
Let b = -26717 - -60240. What is the units digit of b?
3
Let n(l) = 398*l**2 + 136*l - 258. What is the units digit of n(-15)?
2
Let w = 17941 + -75. What is the hundreds digit of w?
8
Let b = -59 + 95. Suppose s = -5*g + 39, 0 = s + 4*g - 2*g - b. What is the units digit of s?
4
Let z = 95420 + -61556. What is the hundreds digit of z?
8
Let u(z) = 2696*z**2 + 65*z - 144. What is the units digit of u(2)?
0
Let n = -807 - -1085. Suppose 112 + n = 2*z. What is the hundreds digit of z?
1
Let m(r) = -160*r + 6. Suppose 7*y + 9 = -5. What is the units digit of m(y)?
6
Let r be (-1 - 0/(-4)) + -2. What is the tens digit of 77 - r*1/(-3)?
7
Let p be (2/4)/((-6)/924). Let y = 414 + p. Suppose 3*d + 2*h = -0*h + y, 3*d + 4*h - 335 = 0. What is the units digit of d?
3
Suppose 0*v = -4*v. Let a(r) be the third derivative of r**4/8 + 2*r**3 - 24*r**2 - r. What is the tens digit of a(v)?
1
Let x = -1431 + 2511. Let o = 2035 - x. What is the tens digit of o?
5
Let s = -110 - -112. Suppose 3*x = -4*k + 1401, 5*x - 205 = -s*k + 492. What is the units digit of k?
1
Let j(a) = -8 + a + 4 - a**2 - 185*a**3 + 3 + 2. What is the units digit of j(-1)?
4
Suppose 2*o = j + 50101, -322623 - 28099 = -14*o + 4*j. What is the ten thousands digit of o?
2
Let f = -968 - -1590. Let r = f - 347. What is the units digit of r?
5
Let m be (2/(-14) - (-30)/(-35))*3. Let a be m + 452/3 + 4/(-6). Let g = -78 + a. What is the tens digit of g?
6
Let u be 264/56 - (-1)/(28/8). Suppose 3*a + 0*g = -2*g + 646, -u*g + 634 = 3*a. What is the hundreds digit of a?
2
Suppose v + 2*v = 12. What is the tens digit of 43976/72 - (v + 76/(-18))?
1
What is the tens digit of (-894650)/(-638) - 9/33?
0
Suppose 3*w - 4*z + 3238 = 323, 3*w + 2*z = -2939. Let n = -276 - w. What is the hundreds digit of n?
7
Suppose -19*n +